{"id":125,"date":"2022-11-07T15:40:50","date_gmt":"2022-11-07T14:40:50","guid":{"rendered":"http:\/\/marleneassayag.com\/?page_id=125"},"modified":"2022-11-07T21:28:50","modified_gmt":"2022-11-07T20:28:50","slug":"biographie","status":"publish","type":"page","link":"http:\/\/marleneassayag.com\/?page_id=125","title":{"rendered":"Biographie"},"content":{"rendered":"\n<div class=\"wp-block-media-text alignfull is-stacked-on-mobile is-vertically-aligned-top\" style=\"grid-template-columns:35% auto\"><figure class=\"wp-block-media-text__media\"><img loading=\"lazy\" decoding=\"async\" width=\"577\" height=\"1024\" src=\"http:\/\/marleneassayag.com\/wp-content\/uploads\/2022\/11\/IMG_2008-1-577x1024.jpg\" alt=\"\" class=\"wp-image-127 size-full\" srcset=\"http:\/\/marleneassayag.com\/wp-content\/uploads\/2022\/11\/IMG_2008-1-577x1024.jpg 577w, http:\/\/marleneassayag.com\/wp-content\/uploads\/2022\/11\/IMG_2008-1-169x300.jpg 169w, http:\/\/marleneassayag.com\/wp-content\/uploads\/2022\/11\/IMG_2008-1-768x1363.jpg 768w, http:\/\/marleneassayag.com\/wp-content\/uploads\/2022\/11\/IMG_2008-1-866x1536.jpg 866w, http:\/\/marleneassayag.com\/wp-content\/uploads\/2022\/11\/IMG_2008-1.jpg 1154w\" sizes=\"(max-width: 577px) 100vw, 577px\" \/><\/figure><div class=\"wp-block-media-text__content\">\n<p>Apr\u00e8s des \u00e9tudes de fl\u00fbte \u00e0 bec et de piano, Marl\u00e8ne Assayag d\u00e9couvre l\u2019art lyrique en interpr\u00e9tant, \u00e0 14 ans, le r\u00f4le-titre de l\u2019op\u00e9ra pour enfants de Nicolas Bacri <em>Fleur et le miroir magique<\/em>&nbsp;; elle d\u00e9cide alors de se consacrer au chant. Elle obtient de nombreuses r\u00e9compenses&nbsp;: 1<sup>er<\/sup> Prix du Concours de l\u2019UFAM, Prix de Concert de la Schola Cantorum, 1<sup>er<\/sup> Prix et Prix du Public du Concours International \u00ab&nbsp;Symphonies d\u2019Automne&nbsp;\u00bb de M\u00e2con, Prix d\u2019interpr\u00e9tation au Concours Armel Opera Competition en 2015 et 3<sup>\u00e8me<\/sup> Prix d\u2019Op\u00e9ra au Concours de Marmande en 2016. Elle int\u00e8gre \u00e9galement le CNIPAL durant la saison 2012-2013.<\/p>\n\n\n\n<p>En 2008, elle fait ses d\u00e9buts sur sc\u00e8ne avec le r\u00f4le de <strong>Norina<\/strong> dans <em>Don Pasquale<\/em> de Donizetti. Elle poursuit son exp\u00e9rience sc\u00e9nique avec les r\u00f4les d\u2019<strong>Elvira<\/strong> <em>L\u2019Italie<\/em><em>nne \u00e0 Alger<\/em> de Rossini, <strong>Prima Donna<\/strong> <em>Viva la Mamma&nbsp;!<\/em> de Donizetti, <strong>Carolina<\/strong> <em>Il Matrimonio segreto<\/em> de Cimarosa, <strong>Anna<\/strong> <em>Nabucco<\/em> de Verdi et <strong>La F\u00e9e<\/strong> <em>Cendrillon<\/em> de Massenet. Ses productions suivantes la conduisent au Festival de Saint-C\u00e9r\u00e9, aux Op\u00e9ra de Massy, Clermont-Ferrand, Fribourg et Lausanne dans les r\u00f4les de <strong>Donna Anna<\/strong> <em>Don Giovanni<\/em> de Mozart et du <strong>Prince Caprice<\/strong> <em>Le Voyage dans la Lune<\/em> d\u2019Offenbach. Puis elle interpr\u00e8te le r\u00f4le de la <strong>Reine de la Nuit <\/strong><em>La Fl\u00fbte Enchant\u00e9e<\/em> de Mozart \u00e0 Marseille, Budapest et Orl\u00e9ans.<\/p>\n\n\n\n<p>Elle excelle dans le r\u00e9pertoire d\u2019oratorio&nbsp;: le <em>Requiem<\/em> et l\u2019<em>Exsultate Jubilate<\/em> de Mozart, le <em>Gloria<\/em> et le Motet <em>In furore <\/em>de Vivaldi, le <em>Messie<\/em> de Haendel et les <em>Stabat Mater<\/em> de Pergol\u00e8se et Boccherini.<\/p>\n\n\n\n<p>Depuis 2011, elle s\u2019est produite plusieurs fois avec l\u2019Ensemble Matheus sous la direction de Jean-Christophe Spinosi&nbsp;: <strong>Romilda<\/strong><em>Serse<\/em> de Haendel, <em>Requiem<\/em> de Faur\u00e9, <em>IX\u00e8me Symphonie<\/em> de Beethoven, <strong>Teti<\/strong> <em>Le Nozze di Teti e Peleo<\/em> de Rossini, <strong>Ad\u00e8le<\/strong> <em>Le Comte Ory<\/em> de Rossini et <strong>Aminta<\/strong> <em>Il Re Pastore<\/em> de Mozart.<\/p>\n\n\n\n<p>Elle d\u00e9bute la saison 2016-2017 \u00e0 Londres puis \u00e0 l\u2019Op\u00e9ra de Nice pour deux productions de <em>La Fl\u00fbte Enchant\u00e9e<\/em> dans le r\u00f4le de <strong>la Reine de la Nuit<\/strong>. Viennent ensuite deux prises de r\u00f4le&nbsp;: <strong>Le Feu, la Princesse <\/strong>et <strong>le Rossignol<\/strong> dans <em>L\u2019Enfant et les sortil\u00e8ges<\/em> de Ravel et <strong>Gilda<\/strong> dans <em>Rigoletto <\/em>avec Op\u00e9ra Nomade. Elle chante ensuite \u00e0 la Philharmonie de Paris puis \u00e0 l\u2019Op\u00e9ra de Clermont-Ferrand le r\u00f4le de <strong>Konstanze<\/strong> dans une adaptation de <em>L\u2019Enl\u00e8vement au S\u00e9rail. <\/em>En juillet 2017, elle est laur\u00e9ate de la Fondation Royaumont, ce qui lui permet de travailler le r\u00f4le de <strong>Nanetta<\/strong> dans <em>Falstaff<\/em> de Verdi avec Jean-Paul Pruna et Georges Lavaudant.<\/p>\n\n\n\n<p>En 2017-2018, elle chante au Grand Th\u00e9\u00e2tre de Compi\u00e8gne, \u00e0 la Chaise-Dieu et au Festival d\u2019Aix-en-Provence pour un spectacle autour de la correspondance de Richard Strauss et de Hugo von Hofmannstahl ainsi que le quatuor n\u00b02 de Schoenberg avec le Quatuor Arod. Elle d\u00e9bute aussi dans la <em>Messe en Ut mineur<\/em> de Mozart \u00e0 l\u2019\u00e9glise Saint-Louis-en-l\u2019\u00cele \u00e0 Paris.<\/p>\n\n\n\n<p>Plus r\u00e9cemment, une nouvelle <strong>Reine de la Nuit<\/strong> \u00e0 l\u2019Op\u00e9ra de Fribourg et au th\u00e9\u00e2tre du Capitole de Toulouse, ses d\u00e9buts \u00e0 l\u2019Op\u00e9ra National de Lorraine dans le r\u00f4le de <strong>La F\u00e9e<\/strong> dans <em>Cendrillon<\/em> de Massenet, ainsi que le r\u00f4le d\u2019<strong>Aminta<\/strong> dans <em>l\u2019Olimpiade<\/em> de Vivaldi \u00e0 la Chapelle de la Trinit\u00e9 \u00e0 Lyon, au Th\u00e9\u00e2tre des Champs-Elys\u00e9es \u00e0 Paris et au Theater an der Wien \u00e0 Vienne avec l\u2019ensemble Matheus et Jean-Christophe Spinosi. Elle vient \u00e9galement de remporter un grand succ\u00e8s dans le r\u00f4le d\u2019<strong>Ismaele<\/strong> dans <em>Il Sedecia<\/em> d\u2019Alessandro Scarlatti au Festival de la Chaise-Dieu, avec les Accents et Thibault Noally.<\/p>\n\n\n\n<p>Parmi ses projets, un r\u00e9cital sous la direction d\u2019Ariane Matiakh et une nouvelle <strong>Reine de la Nuit<\/strong> en Allemagne.<\/p>\n<\/div><\/div>\n\n\n\n<div style=\"height:100px\" aria-hidden=\"true\" class=\"wp-block-spacer\"><\/div>\n\n\n\n<div style=\"height:100px\" aria-hidden=\"true\" class=\"wp-block-spacer\"><\/div>\n","protected":false},"excerpt":{"rendered":"<p>Apr\u00e8s des \u00e9tudes de fl\u00fbte \u00e0 bec et de piano, Marl\u00e8ne Assayag d\u00e9couvre l\u2019art lyrique en interpr\u00e9tant, \u00e0 14 ans, le r\u00f4le-titre de l\u2019op\u00e9ra pour enfants de Nicolas Bacri Fleur &#8230;<\/p>\n","protected":false},"author":1,"featured_media":0,"parent":0,"menu_order":0,"comment_status":"closed","ping_status":"closed","template":"","meta":{"footnotes":""},"_links":{"self":[{"href":"http:\/\/marleneassayag.com\/index.php?rest_route=\/wp\/v2\/pages\/125"}],"collection":[{"href":"http:\/\/marleneassayag.com\/index.php?rest_route=\/wp\/v2\/pages"}],"about":[{"href":"http:\/\/marleneassayag.com\/index.php?rest_route=\/wp\/v2\/types\/page"}],"author":[{"embeddable":true,"href":"http:\/\/marleneassayag.com\/index.php?rest_route=\/wp\/v2\/users\/1"}],"replies":[{"embeddable":true,"href":"http:\/\/marleneassayag.com\/index.php?rest_route=%2Fwp%2Fv2%2Fcomments&post=125"}],"version-history":[{"count":2,"href":"http:\/\/marleneassayag.com\/index.php?rest_route=\/wp\/v2\/pages\/125\/revisions"}],"predecessor-version":[{"id":129,"href":"http:\/\/marleneassayag.com\/index.php?rest_route=\/wp\/v2\/pages\/125\/revisions\/129"}],"wp:attachment":[{"href":"http:\/\/marleneassayag.com\/index.php?rest_route=%2Fwp%2Fv2%2Fmedia&parent=125"}],"curies":[{"name":"wp","href":"https:\/\/api.w.org\/{rel}","templated":true}]}}

<div class="wp-block-media-text alignfull is-stacked-on-mobile is-vertically-aligned-top" style="grid-template-columns:35% auto"><figure class="wp-block-media-text__media"><img loading="lazy" decoding="async" width="577" height="1024" src="http://marleneassayag.com/wp-content/uploads/2022/11/IMG_2008-1-577x1024.jpg" alt="" class="wp-image-127 size-full" srcset="http://marleneassayag.com/wp-content/uploads/2022/11/IMG_2008-1-577x1024.jpg 577w, http://marleneassayag.com/wp-content/uploads/2022/11/IMG_2008-1-169x300.jpg 169w, http://marleneassayag.com/wp-content/uploads/2022/11/IMG_2008-1-768x1363.jpg 768w, http://marleneassayag.com/wp-content/uploads/2022/11/IMG_2008-1-866x1536.jpg 866w, http://marleneassayag.com/wp-content/uploads/2022/11/IMG_2008-1.jpg 1154w" sizes="(max-width: 577px) 100vw, 577px" /></figure><div class="wp-block-media-text__content">
<p>Après des études de flûte à bec et de piano, Marlène Assayag découvre l’art lyrique en interprétant, à 14 ans, le rôle-titre de l’opéra pour enfants de Nicolas Bacri <em>Fleur et le miroir magique</em>&nbsp;; elle décide alors de se consacrer au chant. Elle obtient de nombreuses récompenses&nbsp;: 1<sup>er</sup> Prix du Concours de l’UFAM, Prix de Concert de la Schola Cantorum, 1<sup>er</sup> Prix et Prix du Public du Concours International «&nbsp;Symphonies d’Automne&nbsp;» de Mâcon, Prix d’interprétation au Concours Armel Opera Competition en 2015 et 3<sup>ème</sup> Prix d’Opéra au Concours de Marmande en 2016. Elle intègre également le CNIPAL durant la saison 2012-2013.</p>



<p>En 2008, elle fait ses débuts sur scène avec le rôle de <strong>Norina</strong> dans <em>Don Pasquale</em> de Donizetti. Elle poursuit son expérience scénique avec les rôles d’<strong>Elvira</strong> <em>L’Italie</em><em>nne à Alger</em> de Rossini, <strong>Prima Donna</strong> <em>Viva la Mamma&nbsp;!</em> de Donizetti, <strong>Carolina</strong> <em>Il Matrimonio segreto</em> de Cimarosa, <strong>Anna</strong> <em>Nabucco</em> de Verdi et <strong>La Fée</strong> <em>Cendrillon</em> de Massenet. Ses productions suivantes la conduisent au Festival de Saint-Céré, aux Opéra de Massy, Clermont-Ferrand, Fribourg et Lausanne dans les rôles de <strong>Donna Anna</strong> <em>Don Giovanni</em> de Mozart et du <strong>Prince Caprice</strong> <em>Le Voyage dans la Lune</em> d’Offenbach. Puis elle interprète le rôle de la <strong>Reine de la Nuit </strong><em>La Flûte Enchantée</em> de Mozart à Marseille, Budapest et Orléans.</p>



<p>Elle excelle dans le répertoire d’oratorio&nbsp;: le <em>Requiem</em> et l’<em>Exsultate Jubilate</em> de Mozart, le <em>Gloria</em> et le Motet <em>In furore </em>de Vivaldi, le <em>Messie</em> de Haendel et les <em>Stabat Mater</em> de Pergolèse et Boccherini.</p>



<p>Depuis 2011, elle s’est produite plusieurs fois avec l’Ensemble Matheus sous la direction de Jean-Christophe Spinosi&nbsp;: <strong>Romilda</strong><em>Serse</em> de Haendel, <em>Requiem</em> de Fauré, <em>IXème Symphonie</em> de Beethoven, <strong>Teti</strong> <em>Le Nozze di Teti e Peleo</em> de Rossini, <strong>Adèle</strong> <em>Le Comte Ory</em> de Rossini et <strong>Aminta</strong> <em>Il Re Pastore</em> de Mozart.</p>



<p>Elle débute la saison 2016-2017 à Londres puis à l’Opéra de Nice pour deux productions de <em>La Flûte Enchantée</em> dans le rôle de <strong>la Reine de la Nuit</strong>. Viennent ensuite deux prises de rôle&nbsp;: <strong>Le Feu, la Princesse </strong>et <strong>le Rossignol</strong> dans <em>L’Enfant et les sortilèges</em> de Ravel et <strong>Gilda</strong> dans <em>Rigoletto </em>avec Opéra Nomade. Elle chante ensuite à la Philharmonie de Paris puis à l’Opéra de Clermont-Ferrand le rôle de <strong>Konstanze</strong> dans une adaptation de <em>L’Enlèvement au Sérail. </em>En juillet 2017, elle est lauréate de la Fondation Royaumont, ce qui lui permet de travailler le rôle de <strong>Nanetta</strong> dans <em>Falstaff</em> de Verdi avec Jean-Paul Pruna et Georges Lavaudant.</p>



<p>En 2017-2018, elle chante au Grand Théâtre de Compiègne, à la Chaise-Dieu et au Festival d’Aix-en-Provence pour un spectacle autour de la correspondance de Richard Strauss et de Hugo von Hofmannstahl ainsi que le quatuor n°2 de Schoenberg avec le Quatuor Arod. Elle débute aussi dans la <em>Messe en Ut mineur</em> de Mozart à l’église Saint-Louis-en-l’Île à Paris.</p>



<p>Plus récemment, une nouvelle <strong>Reine de la Nuit</strong> à l’Opéra de Fribourg et au théâtre du Capitole de Toulouse, ses débuts à l’Opéra National de Lorraine dans le rôle de <strong>La Fée</strong> dans <em>Cendrillon</em> de Massenet, ainsi que le rôle d’<strong>Aminta</strong> dans <em>l’Olimpiade</em> de Vivaldi à la Chapelle de la Trinité à Lyon, au Théâtre des Champs-Elysées à Paris et au Theater an der Wien à Vienne avec l’ensemble Matheus et Jean-Christophe Spinosi. Elle vient également de remporter un grand succès dans le rôle d’<strong>Ismaele</strong> dans <em>Il Sedecia</em> d’Alessandro Scarlatti au Festival de la Chaise-Dieu, avec les Accents et Thibault Noally.</p>



<p>Parmi ses projets, un récital sous la direction d’Ariane Matiakh et une nouvelle <strong>Reine de la Nuit</strong> en Allemagne.</p>
</div></div>



<div style="height:100px" aria-hidden="true" class="wp-block-spacer"></div>



<div style="height:100px" aria-hidden="true" class="wp-block-spacer"></div>

<p>Après des études de flûte à bec et de piano, Marlène Assayag découvre l’art lyrique en interprétant, à 14 ans, le rôle-titre de l’opéra pour enfants de Nicolas Bacri Fleur &#8230;</p>
